{"id":696,"date":"2013-09-01T12:04:19","date_gmt":"2013-09-01T16:04:19","guid":{"rendered":"http:\/\/facettes.webatu.com\/?page_id=696"},"modified":"2015-08-07T14:35:52","modified_gmt":"2015-08-07T18:35:52","slug":"uddin-janecek","status":"publish","type":"page","link":"https:\/\/infran.ebsi.umontreal.ca\/?page_id=696","title":{"rendered":"Uddin et Janecek (1)"},"content":{"rendered":"<h1>Performance and usability testing of multidimensional taxonomy in web site search and navigation<\/h1>\n<p><strong>de\u00a0Mohammad Nasir Uddin et Paul Janecek<\/strong><\/p>\n<p><strong>R\u00e9sum\u00e9 par\u00a0Simon C\u00f4t\u00e9-Lapointe<\/strong><\/p>\n<p><b>R\u00e9f\u00e9rence : <\/b>Uddin, M. N., &amp; Janecek, P. (2007). Performance and usability testing of multidimensional taxonomy in web site search and navigation. Performance Measurement and Metrics, 8(1), 18-33.<\/p>\n<p><a href=\"http:\/\/dx.doi.org\/10.1108\/14678040710748058\">Cliquez ici pour acc\u00e9der \u00e0 l&rsquo;article original.<\/a><\/p>\n<h2>Abstract<\/h2>\n<p>[Traduction du r\u00e9sum\u00e9 de l&rsquo;article]<\/p>\n<h3>Objectif<\/h3>\n<p>Les \u00e9tudes sur l&rsquo;utilisabilit\u00e9 servent au d\u00e9veloppement de syst\u00e8mes et d&rsquo;interfaces de recherche efficaces. Cet article pr\u00e9sente les r\u00e9sultats de l&rsquo;\u00e9valuation empirique men\u00e9e \u00e0 l&rsquo;aide d&rsquo;un prototype de moteur de recherche pour les sites web utilisant des taxonomies multidimensionnelles d\u00e9riv\u00e9es d&rsquo;une classification \u00e0 facettes.<\/p>\n<h3>Design \/ m\u00e9thodologie \/ approche<\/h3>\n<p>Un prototype de Syst\u00e8me de Classification \u00e0 Facettes (SCF) [\u00ab\u00a0<i>Faceted Classification System (FCS)<\/i>\u00a0\u00bb], qui classifie et organise les documents web selon diff\u00e9rentes facettes (ensembles de cat\u00e9gories orthogonales), a \u00e9t\u00e9 d\u00e9velopp\u00e9 dans le contexte d&rsquo;une institution d&rsquo;enseignement. Les facettes sont cr\u00e9\u00e9es \u00e0 partir des m\u00e9tadonn\u00e9es de contenu, puis assembl\u00e9es en plusieurs taxonomies \u2014 qui expriment d&rsquo;une autre mani\u00e8re la classification du contenu du site web tels que par sujet et lieu. Ces taxonomies donnent aux utilisateurs l&rsquo;acc\u00e8s \u00e0 l&rsquo;information souhait\u00e9e \u00e0 travers une interface de recherche. Le pr\u00e9sente recherche fait la comparaison entre les interfaces utilisant les SCF avec les interfaces utilisant le syst\u00e8me \u00e0 classification standard unidimensionnel (SS) dans le but d&rsquo;\u00e9valuer l&rsquo;utilisabilit\u00e9 des facettes lors de t\u00e2ches de navigation et de recherche courantes.<\/p>\n<h3>R\u00e9sultats<\/h3>\n<p>Les r\u00e9sultats trouv\u00e9s sugg\u00e8rent que la performance et l&rsquo;utilisabilit\u00e9 sont significativement am\u00e9lior\u00e9s avec le SCF sous les aspects de facilit\u00e9 d&rsquo;acc\u00e8s, de succ\u00e8s des recherches, de flexibilit\u00e9, de compr\u00e9hension du contenu, de pertinence des r\u00e9sultats et de satisfaction des usagers. Ces r\u00e9sultats sont particuli\u00e8rement prometteurs lorsqu&rsquo;on tient compte du fait que les utilisateurs, dans un contexte de nouveaut\u00e9, ont g\u00e9n\u00e9ralement tendance rejeter l&rsquo;utilisation des nouvelles interfaces.<\/p>\n<h3>Originalit\u00e9 \/ valeur<\/h3>\n<p>Les r\u00e9sultats pr\u00e9sent\u00e9s dans cet article peuvent contribuer significativement \u00e0 la recherche sur les interfaces, mettant l&#8217;emphase sur les avantages qu&rsquo;apportent les taxonomies multidimensionnelles\u00a0 sur la recherche d&rsquo;information dans les collections en ligne.<\/p>\n<h2 id=\"retour\">Plan du texte<\/h2>\n<p><a href=\"#1\">Introduction<\/a><br \/>\n<a href=\"#2\">Review of related works<\/a><br \/>\n<a href=\"#3\">Faceted classification system interface design<\/a><br \/>\n<a href=\"#4\">Usability evaluation<\/a><\/p>\n<p style=\"padding-left: 30px\"><a href=\"#5\">Participants<\/a><br \/>\n<a href=\"#6\">Apparatus<\/a><br \/>\n<a href=\"#7\">Procedure<\/a><br \/>\n<a href=\"#8\">Search tasks<\/a><br \/>\n<a href=\"#9\">Variables studied<\/a><br \/>\n<a href=\"#11\">Hypotheses<\/a><\/p>\n<p><a href=\"#11\">Results of the study<\/a><\/p>\n<p style=\"padding-left: 30px\"><a href=\"#13\">System performance<\/a><br \/>\n<a href=\"#13\">Perceived usability<\/a><br \/>\n<a href=\"#14\">Usefulness of the system features<\/a><br \/>\n<a href=\"#15\">User satisfaction<\/a><\/p>\n<p><a href=\"#16\">Discussion<\/a><br \/>\n<a href=\"#17\">Conclusion<\/a><br \/>\n<a href=\"#18\">R\u00e9f\u00e9rences s\u00e9lectionn\u00e9es<\/a><\/p>\n<h2 id=\"1\">Introduction<\/h2>\n<p><i>Pr\u00e9sentation des principaux enjeux et mise en contexte de la recherche. Pr\u00e9sentation de recherches ant\u00e9rieures.<\/i><\/p>\n<p>&nbsp;<\/p>\n<p>1. Utilisateurs : Deux principaux probl\u00e8mes li\u00e9s \u00e0 la recherche en ligne :<\/p>\n<p>\u2013\u00a0\u00a0\u00a0\u00a0\u00a0\u00a0\u00a0 Difficult\u00e9 \u00e0 trouver l&rsquo;information :<\/p>\n<p>a) Cause 1 : l&rsquo;utilisateur n&rsquo;a pas les comp\u00e9tences et connaissances pour utiliser efficacement les moteurs de recherche.<\/p>\n<p>\u2013 Probl\u00e8me li\u00e9 \u00e0 l&rsquo;impr\u00e9cision des requ\u00eates, donnant des r\u00e9sultats impr\u00e9cis.<\/p>\n<p>b) Cause 2 : la description du contenu du site n&rsquo;est pas claire.<\/p>\n<p>\u2013 Probl\u00e8me li\u00e9 \u00e0 l&rsquo;architecture du site, donc probl\u00e8me d&rsquo;acc\u00e8s au contenu.<\/p>\n<p>&nbsp;<\/p>\n<p>2. Certains types d&rsquo;interfaces sont mieux adapt\u00e9s \u00e0 certains types de recherche :<\/p>\n<p>a) La recherche tr\u00e8s pointue (avec plusieurs conditions) et la recherche d&rsquo;un produit ou d&rsquo;un article familier (d\u00e9j\u00e0 connu par l&rsquo;utilisateur) fonctionnent mieux avec des interfaces de recherche \u00e0 partir de mots cl\u00e9s.<\/p>\n<p>b) Les recherches plus larges \u00e0 formulation tr\u00e8s ouverte fonctionnent mieux avec des interfaces explorateurs \/ navigateurs [\u00ab browsing interfaces<i> \u00bb<\/i>].<\/p>\n<p>&nbsp;<\/p>\n<p>3. Caract\u00e9ristiques des interfaces pour une recherche efficace :<\/p>\n<ul>\n<li>possibilit\u00e9 d&rsquo;utilisation d&rsquo;une terminologie,<\/li>\n<li>possibilit\u00e9 r\u00e9tr\u00e9cissement et \u00e9largissement de la port\u00e9e de la requ\u00eate,<\/li>\n<li>possibilit\u00e9 de modifier la requ\u00eate.<\/li>\n<\/ul>\n<p>\u2013 Cependant, peu d&rsquo;interfaces pr\u00e9sentent ces caract\u00e9ristiques. La recherche reste un probl\u00e8me de premier plan pour le design de sites web.<\/p>\n<p>&nbsp;<\/p>\n<p>4. Explication et pr\u00e9sentation du Syst\u00e8me de Classification \u00e0 Facettes (SCF) :<\/p>\n<p>\u2013 Structures multiples pour naviguer [\u00ab browse \u00bb] \u00e0 travers la collection d&rsquo;information et \u00a0organiser les r\u00e9sultats de la recherche.<\/p>\n<p>\u2013 M\u00e9thode de description et d&rsquo;arrangement multidimensionnelle des ressources l&rsquo;informationnelles \u00e0 travers leurs concepts, attributs et propos.<\/p>\n<p>\u2013 Exemples&#8230;<\/p>\n<p>\u2013 D\u00e9veloppement r\u00e9cent de la classification \u00e0 facettes dans le web.<\/p>\n<p style=\"text-align: right\"><strong><a href=\"#retour\">Retour au plan de l&rsquo;article<\/a><\/strong><\/p>\n<h2 id=\"2\">Review of related works<\/h2>\n<p><i>Revue des recherches pr\u00e9c\u00e9dentes : sujets connexes.<\/i><\/p>\n<p>&nbsp;<\/p>\n<p>1. R\u00e9sultats de recherches ant\u00e9rieures :<\/p>\n<p>\u2013 Utilisateurs pr\u00e9f\u00e8rent la pr\u00e9sentation des r\u00e9sultats d&rsquo;une recherche sous forme de cat\u00e9gories multidimensionnelles (bas\u00e9es sur les m\u00e9tadonn\u00e9es).<\/p>\n<p>\u2013 Conclusion des auteurs : Il faut int\u00e9grer la navigation et la recherche dans une seule interface pour atteindre un \u00e9quilibre dans l&rsquo;architecture de l&rsquo;information.<\/p>\n<p>&nbsp;<\/p>\n<p>2. Exemples :<\/p>\n<p>\u2013 Flamenco (images)<\/p>\n<p>\u2013 Epicurious (site web de recettes de cuisine)<\/p>\n<p>\u2013 Utilit\u00e9 prouv\u00e9e de la recherche \u00e0 facettes pour les collections organis\u00e9es de mani\u00e8re hi\u00e9rarchique et de m\u00eame type (images, recettes).<\/p>\n<p>&nbsp;<\/p>\n<p>3. La pr\u00e9sente recherche tente de transposer ce type d&rsquo;exp\u00e9rience dans un environnement institutionnel. \u00c0 la diff\u00e9rence des deux exemples pr\u00e9c\u00e9dents, le contenu est souvent tr\u00e8s diversifi\u00e9 et la structure appropri\u00e9e pour le classement souvent floue.<\/p>\n<p style=\"text-align: right\"><strong><a href=\"#retour\">Retour au plan de l&rsquo;article<\/a><\/strong><\/p>\n<h2 id=\"3\">Faceted classification system interface design<\/h2>\n<p><i>Implantation et structure du SCF : explications et pr\u00e9sentation.<\/i><\/p>\n<p>&nbsp;<\/p>\n<p>1. Deux phases d&rsquo;implantation du SCF :<\/p>\n<p>a) Analyse du contenu du site web institutionnel<\/p>\n<p>b) D\u00e9veloppement du prototype \u00e0 partir d&rsquo;un Syst\u00e8me de Gestion de Contenu (SGC) [\u00ab\u00a0open source Content Management System (CMS)\u00a0\u00bb].<\/p>\n<p>&nbsp;<\/p>\n<p>2. Cr\u00e9ation de quatre facettes pour construire les taxonomies de m\u00e9tadonn\u00e9es :<\/p>\n<p>&nbsp;<\/p>\n<p>(1) Purpose: why the document\/information will be used.<\/p>\n<p>(2) Topic: \u201caboutness\u201d of the document\/information object, subject addressed.<\/p>\n<p>(3) People: Person concerned\/described by the document.<\/p>\n<p>(4) Area: space or places of the document.<\/p>\n<p>&nbsp;<\/p>\n<p>\u2013 Sont des classes mutuellement exclusives.<\/p>\n<p>\u2013 Un document institutionnel a toujours ces quatre caract\u00e9ristiques.<\/p>\n<p>&nbsp;<\/p>\n<p>3. Interface utilisateur : trois types de pr\u00e9sentation pour la recherche :<\/p>\n<p>a) Navigation \/ exploration par facettes.<\/p>\n<p>\u2013 Caract\u00e9ristiques :<\/p>\n<ul>\n<li>Facettes pr\u00e9sent\u00e9es sous forme de hi\u00e9rarchie.<\/li>\n<li>Nombre de documents indiqu\u00e9s entre parenth\u00e8se pour chaque facette \u00e9vitant les recherches inutiles.<\/li>\n<li>Pr\u00e9visualisation des r\u00e9sultats.<\/li>\n<li>R\u00e9sultats affich\u00e9s \u00e0 droite du moteur de recherche et fil d&rsquo;Ariane montr\u00e9.<\/li>\n<li>Pr\u00e9sentation des m\u00e9tadonn\u00e9es (titre, sommaire, type de fichier) des r\u00e9sultats pour que l&rsquo;utilisateur puisse juger facilement de leur pertinence.<\/li>\n<\/ul>\n<p><a href=\"http:\/\/facettes.webatu.com\/wp-content\/uploads\/2013\/09\/Uddin-Janecek-2007.bmp\"><img decoding=\"async\" class=\"alignnone size-full wp-image-735\" src=\"http:\/\/facettes.webatu.com\/wp-content\/uploads\/2013\/09\/Uddin-Janecek-2007.bmp\" alt=\"\" \/><\/a><\/p>\n<p>b) Recherche avanc\u00e9e combinant les facettes multiples.<\/p>\n<p>\u2013 Caract\u00e9ristiques :<\/p>\n<ul>\n<li>Combinaison possible de diff\u00e9rentes facettes.<\/li>\n<li>R\u00e9sultats pr\u00e9sent\u00e9s en bas du moteur de recherche.<\/li>\n<\/ul>\n<p><a href=\"http:\/\/facettes.webatu.com\/wp-content\/uploads\/2013\/09\/Uddin-Janecek-2007_2.bmp\"><img decoding=\"async\" class=\"alignnone size-full wp-image-738\" src=\"http:\/\/facettes.webatu.com\/wp-content\/uploads\/2013\/09\/Uddin-Janecek-2007_2.bmp\" alt=\"\" \/><\/a><\/p>\n<p>c) Recherche par mots cl\u00e9s avec op\u00e9rateurs bool\u00e9ens.<\/p>\n<p><a href=\"http:\/\/facettes.webatu.com\/wp-content\/uploads\/2013\/09\/Uddin-Janecek-2007_3.bmp\"><img decoding=\"async\" class=\"alignnone size-full wp-image-739\" src=\"http:\/\/facettes.webatu.com\/wp-content\/uploads\/2013\/09\/Uddin-Janecek-2007_3.bmp\" alt=\"\" \/><\/a><\/p>\n<p style=\"text-align: right\"><strong><a href=\"#retour\">Retour au plan de l&rsquo;article<\/a><\/strong><\/p>\n<h2 id=\"4\">Usability evaluation<\/h2>\n<p><i>Cette section d\u00e9crit les d\u00e9tails et les r\u00e9sultats de l&rsquo;exp\u00e9rimentation.<\/i><\/p>\n<p>&nbsp;<\/p>\n<p>But : Comparer le SCF avec le syst\u00e8me web standard [\u00ab\u00a0standard web-based system (SS)\u00a0\u00bb] sous les aspects suivants :<\/p>\n<p>a) Efficience de l&rsquo;acc\u00e8s et de la recherche ;<\/p>\n<p>b) Compr\u00e9hension du contenu de l&rsquo;information ;<\/p>\n<p>c) Facilit\u00e9 de la navigation et de l&rsquo;exploration [\u00ab navigation and browsing\u00a0\u00bb];<\/p>\n<p>d) Pertinence des r\u00e9sultats ;<\/p>\n<p>e) Satisfaction globale de la recherche.<\/p>\n<h3 id=\"5\">Participants<\/h3>\n<p>\u2013 19 \u00e9tudiants et membres du personnel de l&rsquo;Asian Institute of Technology (AIT) de Tha\u00eflande.<\/p>\n<p>\u2013 S\u00e9lectionn\u00e9s d&rsquo;apr\u00e8s leur niveau d&rsquo;exp\u00e9rience dans l&rsquo;utilisation d&rsquo;Internet. Deux classes : expert et non-expert.<\/p>\n<p>\u2013 Motivation est un facteur important dans les tests web li\u00e9s \u00e0 l&rsquo;utilisabilit\u00e9, donc les participants s\u00e9lectionn\u00e9s ont le d\u00e9sir de participer.<\/p>\n<h3 id=\"6\">Apparatus<\/h3>\n<p>Contexte et instruments utilis\u00e9s lors de l&rsquo;exp\u00e9rimentation :<\/p>\n<p>\u2013 Avait lieu dans un laboratoire informatique, environnement Windows, explorer 6.<\/p>\n<p>\u2013 Donn\u00e9es recueillies manuellement avec un questionnaire utilisant des \u00e9chelles de Likert.<\/p>\n<p>\u2013 Notes descriptives sur les attitudes et commentaires des utilisateurs.<\/p>\n<p>\u2013 Questions ouvertes sur les recommandations et pr\u00e9f\u00e9rences.<\/p>\n<p>\u2013 Donn\u00e9es analys\u00e9es avec le logiciel SPSS (Statistical package for Social Science)<\/p>\n<p>\u2013 Importance statistique des r\u00e9sultats test\u00e9s avec des \u00e9chantillons appari\u00e9s [\u00ab\u00a0t-test and ANOVA (Analysis of Variance) with post-hoc analysis\u00a0\u00bb].<\/p>\n<h3 id=\"7\">Procedure<\/h3>\n<p>\u2013 Un seul participant \u00e0 la fois.<\/p>\n<p>\u2013 P\u00e9riode de familiarisation \/ exploration libre de l&rsquo;interface SCF de huit minutes.<\/p>\n<p>\u2013 Puis trois t\u00e2ches de recherche pr\u00e9cises (maximum de trois minutes chacune) \u00e0 compl\u00e9ter tant sur le SCF et que sur le SS (moteur de recherche standard).<\/p>\n<h3 id=\"8\">Search tasks<\/h3>\n<p>\u2013 Trois t\u00e2ches arrang\u00e9es selon un niveau de difficult\u00e9 croissant con\u00e7ues pour garder un int\u00e9r\u00eat chez les participants.<\/p>\n<h3 id=\"9\">Variables studied<\/h3>\n<p>\u2013 Variables ind\u00e9pendantes : interfaces SCF et SS,\u00a0 caract\u00e9ristiques des SCF, types de t\u00e2ches, caract\u00e9ristiques d\u00e9mographiques des participants.<\/p>\n<p>\u2013 Variables d\u00e9pendantes : temps d&rsquo;acc\u00e8s, facettes utilis\u00e9es, m\u00e9tadonn\u00e9es \/ terme de recherche utilis\u00e9, succ\u00e8s, r\u00e9sultat vide, facilit\u00e9 de navigation et d&rsquo;exploration, simplicit\u00e9, compr\u00e9hension des facettes, satisfaction, pertinence des r\u00e9sultats.<\/p>\n<h3 id=\"10\">Hypotheses<\/h3>\n<p>Formul\u00e9es sous forme d&rsquo;hypoth\u00e8ses nulles :<\/p>\n<p>\u2013 Il n&rsquo;y a pas de diff\u00e9rence entre les interfaces SCF et l&rsquo;interface SS en terme de :<\/p>\n<p>H1. Efficience d&rsquo;acc\u00e8s et de recherche.<\/p>\n<p>H2. Succ\u00e8s dans les r\u00e9sultats.<\/p>\n<p>H3. Simplicit\u00e9 et facilit\u00e9 d&rsquo;utilisation.<\/p>\n<p>H4. Int\u00e9r\u00eat et flexibilit\u00e9 lors de l&rsquo;utilisation.<\/p>\n<p>H5. Facilit\u00e9 de la navigation du contenu informationnel.<\/p>\n<p>H6. Compr\u00e9hension du contenu de l&rsquo;information.<\/p>\n<p>H7. Pertinence des r\u00e9sultats.<\/p>\n<p>H8. Satisfaction vis-\u00e0-vis des interfaces.<\/p>\n<p>\u2013 Hypoth\u00e8ses bas\u00e9es sur les caract\u00e9ristiques d\u00e9mographiques :<\/p>\n<p>H9. Il n&rsquo;y a pas de diff\u00e9rence dans la perception de l&rsquo;utilisabilit\u00e9 des SCF ou SS selon la diff\u00e9rence de statut (\u00e9tudiant ou employ\u00e9) de l&rsquo;utilisateur.<\/p>\n<p>H10. Il n&rsquo;y a pas de diff\u00e9rence dans la perception de l&rsquo;utilisabilit\u00e9 des SCF ou SS selon le sexe des participants.<\/p>\n<p>H11. Il n&rsquo;y a pas de diff\u00e9rence dans la perception de l&rsquo;utilisabilit\u00e9 des SCF ou SS selon l&rsquo;exp\u00e9rience d&rsquo;utilisation d&rsquo;Internet.<\/p>\n<p style=\"text-align: right\"><strong><a href=\"#retour\">Retour au plan de l&rsquo;article<\/a><\/strong><\/p>\n<h2 id=\"11\">Results of the study<\/h2>\n<h3 id=\"12\">System performance<\/h3>\n<p>\u2013 Plus d&rsquo;efficience d&rsquo;acc\u00e8s et de recherche pour les SCF (hypoth\u00e8se 1 rejet\u00e9e).<\/p>\n<p>\u2013 Plus de succ\u00e8s dans les r\u00e9sultats les SCF (hypoth\u00e8se 2 rejet\u00e9e).<\/p>\n<h3 id=\"13\">Perceived usability<\/h3>\n<p>\u2013 Plus d&rsquo;int\u00e9r\u00eat et flexibilit\u00e9 lors de l&rsquo;utilisation des SCF (hypoth\u00e8se 4 rejet\u00e9e).<\/p>\n<p>\u2013 Plus de compr\u00e9hension du contenu de l&rsquo;information avec les SCF (hypoth\u00e8se 6 rejet\u00e9e).<\/p>\n<p>\u2013 Plus de pertinence dans les r\u00e9sultats avec les SCF (hypoth\u00e8se 7 rejet\u00e9e).<\/p>\n<p>\u2013 Pas de diff\u00e9rence quant \u00e0 la simplicit\u00e9 et facilit\u00e9 d&rsquo;utilisation (hypoth\u00e8se 3 confirm\u00e9e) et la facilit\u00e9 de la navigation du contenu informationnel (hypoth\u00e8se 5 confirm\u00e9e).<\/p>\n<h3 id=\"14\">Usefulness of the system features<\/h3>\n<p>\u2013 Les caract\u00e9ristiques jug\u00e9es les plus utiles sont : la capacit\u00e9 de passer d&rsquo;une facette \u00e0 l&rsquo;autre, pr\u00e9-visualiser les r\u00e9sultats, combiner les facettes, le fil d&rsquo;Ariane.<\/p>\n<p>\u2013 Les usagers experts ont donn\u00e9 des notes plus \u00e9lev\u00e9es que les non-experts.<\/p>\n<h3 id=\"15\">User satisfaction<\/h3>\n<p>\u2013 Compr\u00e9hension du concept de syst\u00e8me de classification \u00e0 facettes assez \u00e9lev\u00e9.<\/p>\n<p>\u2013 Pr\u00e9f\u00e9rence pour l&rsquo;interface avanc\u00e9e SCF (voir page 5 : interface 2 : avec possibilit\u00e9 de combiner les m\u00e9tadonn\u00e9es et les facettes).<\/p>\n<p>\u2013 Diff\u00e9rence significative en terme de satisfaction pour le SCF (hypoth\u00e8se 8 rejet\u00e9e).<\/p>\n<p style=\"text-align: right\"><strong><a href=\"#retour\">Retour au plan de l&rsquo;article<\/a><\/strong><\/p>\n<h2 id=\"16\">Discussion<\/h2>\n<p>\u2013 Les r\u00e9sultats de cette exp\u00e9rimentation prouvent que la performance et l&rsquo;utilisabilit\u00e9 d&rsquo;un SCF sont meilleurs en terme d&rsquo;acc\u00e8s \u00e0 l&rsquo;information, de succ\u00e8s dans les r\u00e9sultats, flexibilit\u00e9, compr\u00e9hension du contenu, pertinence dans les r\u00e9sultats et de satisfaction des usagers. Hypoth\u00e8ses H1, H2, H4, H6, H7 et H8 rejet\u00e9es.<\/p>\n<p>\u2013 Cependant, certains utilisateurs, en particulier les non-experts, ont eu de la difficult\u00e9 \u00e0 comprendre certaines fonctions comme la pr\u00e9visualisation de la recherche, le sommaire du contenu, etc. Hypoth\u00e8ses H3 et H5 confirm\u00e9es.<\/p>\n<p>\u2013 En moyenne, utilisation de trois facettes pour arriver au r\u00e9sultat escompt\u00e9.<\/p>\n<h2 id=\"17\">Conclusion<\/h2>\n<p>\u2013 L&rsquo;utilisation de taxonomies multidimensionnelles dans une classification \u00e0 facettes est une m\u00e9thode efficace pour organiser l&rsquo;information dans les sites web.<\/p>\n<p>\u2013 Le SCF est une piste d&rsquo;am\u00e9lioration significative pour le design d&rsquo;interfaces favorisant l&rsquo;acc\u00e8s, la gestion et la recherche d&rsquo;information sur le web.<\/p>\n<p style=\"text-align: right\"><strong><a href=\"#retour\">Retour au plan de l&rsquo;article<\/a><\/strong><\/p>\n<h2 id=\"18\">R\u00e9f\u00e9rences s\u00e9lectionn\u00e9es<\/h2>\n<p>Borland, P. and Ingwersen, P. (1997), \u201cThe development of a method for the evaluation of interactive information retrieval systems\u201d, Journal of Documentation, Vol. 53 No. 3, pp. 225-50.<\/p>\n<p>Broughton, V. (2006), \u201cThe need for a faceted classification as the basis of all methods of information retrieval\u201d, ASLIB Proceedings: New Information Perspectives, Vol. 58 Nos 1\/2, pp. 49-72.<\/p>\n<p>Chen, H., Houston, A., Sewell, R. and Schatz, B. (1998), \u201cInternet browsing and searching: user evaluations of category map and concept space techniques\u201d, Journal of the American Society for Information Sciences (JASIS), Vol. 49 No. 7, pp. 582-603.<\/p>\n<p>English, J., Hearst, M., Sinha, R., Swearingen, K. and Yee, K. (2002a), Flexible Search and Navigation using Faceted Metadata, submitted for publication, available at: <a href=\"http:\/\/flamenco.berkeley.edu\/papers\/flamenco02.pdf\">http:\/\/flamenco.berkeley.edu\/papers\/flamenco02.pdf<\/a><\/p>\n<p>English, J., Hearst, M., Sinha, R., Swearingen, K. and Yee, K. (2002b), \u201cHierarchical faceted metadata in site search interfaces\u201d, CHI\u201902: Conference on Human Factors in Computing Systems, ACM Press, Minneapolis, MN, pp. 628-39.<\/p>\n<p>Louie, A., Washington, W. and Maddox, E. (2003), Using Faceted Classification to Provide Structure for Information Architecture, poster presented at the Information Architecture Summit of the American Society for Information Science and Technology, Portland, OR, available at <a href=\"http:\/\/depts.washington.edu\/pettt\/presentations\/conf_2003\/IASummit.pdf\">http:\/\/depts.washington.edu\/pettt\/presentations\/conf_2003\/IASummit.pdf<\/a><\/p>\n<p>Marchionini, G. (1997), Information Seeking in Electronic Environments, Cambridge University Press, Cambridge.<\/p>\n<p>Nielsen, J. (1994), \u201cHeuristic evaluation\u201d, in Nielsen, J. and Mack, R. (Eds), Usability Inspection Methods, John Wiley and Sons, New York, NY, pp. 25-62.<\/p>\n<p>Pratt, W., Hearst, M. and Fagan, L. (1999), A Knowledge-based Approach to Organizing Retrieved Documents, Proceedings of the 16th Annual Conference on Artificial Intelligence (AAAI 99), Menlo Park, CA, pp. 80-5.<\/p>\n<p>Sutcliffe, A., Ennis, M. and Watkinson, S. (2000), \u201cEmpirical studies of end-user information searching\u201d, Journal of the American Society for Information Science (JASIS), Vol. 51 No. 13, pp. 1211-31.<\/p>\n<p>Yee, K., Swearingen, K., Li, K. and Hearst, M. (2003), Faceted Metadata for Image Search and Browsing, CHI \u201903: Proceedings of the SIGCHI Conference on Human factors in Computing Systems, Fort Lauderdale, FL, pp. 401-8.<\/p>\n","protected":false},"excerpt":{"rendered":"<p>Performance and usability testing of multidimensional taxonomy in web site search and navigation de\u00a0Mohammad Nasir Uddin et Paul Janecek R\u00e9sum\u00e9 par\u00a0Simon C\u00f4t\u00e9-Lapointe R\u00e9f\u00e9rence : Uddin, M. N., &amp; Janecek, P. (2007). Performance and usability testing of multidimensional taxonomy in web site search and navigation. Performance Measurement and Metrics, 8(1), 18-33. Cliquez ici pour acc\u00e9der \u00e0 [&hellip;]<\/p>\n","protected":false},"author":1,"featured_media":0,"parent":136,"menu_order":12,"comment_status":"closed","ping_status":"closed","template":"","meta":{"footnotes":""},"class_list":["post-696","page","type-page","status-publish","hentry"],"_links":{"self":[{"href":"https:\/\/infran.ebsi.umontreal.ca\/index.php?rest_route=\/wp\/v2\/pages\/696","targetHints":{"allow":["GET"]}}],"collection":[{"href":"https:\/\/infran.ebsi.umontreal.ca\/index.php?rest_route=\/wp\/v2\/pages"}],"about":[{"href":"https:\/\/infran.ebsi.umontreal.ca\/index.php?rest_route=\/wp\/v2\/types\/page"}],"author":[{"embeddable":true,"href":"https:\/\/infran.ebsi.umontreal.ca\/index.php?rest_route=\/wp\/v2\/users\/1"}],"replies":[{"embeddable":true,"href":"https:\/\/infran.ebsi.umontreal.ca\/index.php?rest_route=%2Fwp%2Fv2%2Fcomments&post=696"}],"version-history":[{"count":53,"href":"https:\/\/infran.ebsi.umontreal.ca\/index.php?rest_route=\/wp\/v2\/pages\/696\/revisions"}],"predecessor-version":[{"id":1110,"href":"https:\/\/infran.ebsi.umontreal.ca\/index.php?rest_route=\/wp\/v2\/pages\/696\/revisions\/1110"}],"up":[{"embeddable":true,"href":"https:\/\/infran.ebsi.umontreal.ca\/index.php?rest_route=\/wp\/v2\/pages\/136"}],"wp:attachment":[{"href":"https:\/\/infran.ebsi.umontreal.ca\/index.php?rest_route=%2Fwp%2Fv2%2Fmedia&parent=696"}],"curies":[{"name":"wp","href":"https:\/\/api.w.org\/{rel}","templated":true}]}}